ors of 62893552?
2, 199, 19753
List the prime factors of 231186567.
3, 77062189
List the prime factors of 192304554.
2, 3, 13, 139, 17737
What are the prime factors of 1975270983?
3, 7, 1861, 50543
List the prime factors of 121497629.
11, 11045239
What are the prime factors of 102825301?
241, 426661
List the prime factors of 311984572.
2, 77996143
List the prime factors of 199626580.
2, 5, 17, 587137
List the prime factors of 3297226.
2, 1648613
List the prime factors of 2130263403.
3, 443, 1602907
List the prime factors of 2233330984.
2, 19, 547, 26861
List the prime factors of 6690662160.
2, 3, 5, 7, 13, 306349
What are the prime factors of 1698419648?
2, 26537807
List the prime factors of 60090857.
5279, 11383
List the prime factors of 91516534.
2, 45758267
What are the prime factors of 2343495208?
2, 23, 179, 71153
List the prime factors of 100280744.
2, 12535093
List the prime factors of 2873952845.
5, 89, 6458321
What are the prime factors of 38041763?
109, 349007
What are the prime factors of 260320247?
11, 79, 113, 241
What are the prime factors of 90567197?
7, 2789, 4639
List the prime factors of 4672015967.
23, 83, 839, 2917
List the prime factors of 156047906.
2, 7, 11146279
List the prime factors of 827558128.
2, 51722383
List the prime factors of 3086247322.
2, 1489, 1036349
List the prime factors of 65229309.
3, 7247701
What are the prime factors of 1383823122?
2, 3, 11, 167, 125551
What are the prime factors of 508085705?
5, 271, 569, 659
What are the prime factors of 1809711077?
47, 5503, 6997
List the prime factors of 428879134.
2, 19, 1109, 10177
What are the prime factors of 435190369?
31, 1481, 9479
List the prime factors of 115580953.
115580953
What are the prime factors of 707555567?
707555567
What are the prime factors of 2204412974?
2, 43, 73, 351133
What are the prime factors of 3430646019?
3, 17, 22422523
What are the prime factors of 232203425?
5, 17, 546361
What are the prime factors of 561682193?
17, 1943537
What are the prime factors of 385265202?
2, 3, 7, 9172981
What are the prime factors of 213899573?
53, 4035841
What are the prime factors of 60684004?
2, 15171001
What are the prime factors of 750804221?
31, 24219491
List the prime factors of 3416243597.
13, 71, 1033, 3583
What are the prime factors of 785959805?
5, 43, 3655627
What are the prime factors of 601586117?
11, 457, 119671
What are the prime factors of 207754518?
2, 3, 17, 2036809
List the prime factors of 874583035.
5, 83, 313, 6733
What are the prime factors of 4272670699?
11, 353, 1100353
List the prime factors of 1077447777.
3, 7, 17, 177533
List the prime factors of 163982226.
2, 3, 23, 1188277
What are the prime factors of 187206893?
187206893
List the prime factors of 1188324093.
3, 11, 331, 108791
List the prime factors of 1417579848.
2, 3, 491, 40099
What are the prime factors of 49768016?
2, 263, 11827
List the prime factors of 7540093902.
2, 3, 11, 29, 3939443
What are the prime factors of 4142188?
2, 1035547
What are the prime factors of 1363062316?
2, 7, 11, 1831, 2417
List the prime factors of 67497578.
2, 33748789
List the prime factors of 55934109.
3, 7, 11, 80713
List the prime factors of 291151446.
2, 3, 37, 1311493
What are the prime factors of 69847561?
7, 9978223
What are the prime factors of 73390342?
2, 36695171
List the prime factors of 4129833057.
3, 7, 23, 8550379
What are the prime factors of 1329747852?
2, 3, 23, 31, 73, 2129
List the prime factors of 3347235100.
2, 5, 11, 29, 9539
What are the prime factors of 73989666?
2, 3, 23, 41, 1453
What are the prime factors of 2306889533?
13, 8087, 21943
What are the prime factors of 149188726?
2, 74594363
List the prime factors of 719740322.
2, 7, 17, 41, 257
List the prime factors of 232477057.
17, 211, 64811
List the prime factors of 147963113.
147963113
What are the prime factors of 5598637974?
2, 3, 103678481
List the prime factors of 266311143.
3, 7, 4227161
List the prime factors of 17792883.
3, 1976987
What are the prime factors of 191462753?
19, 37, 272351
What are the prime factors of 1424271675?
3, 5, 179, 277, 383
List the prime factors of 122288118.
2, 3, 31, 137, 4799
What are the prime factors of 18229490?
2, 5, 101, 18049
What are the prime factors of 548277742?
2, 73, 1163, 3229
List the prime factors of 179122225.
5, 7164889
What are the prime factors of 363428300?
2, 5, 101, 35983
What are the prime factors of 297540735?
3, 5, 103, 192583
List the prime factors of 114787286.
2, 57393643
What are the prime factors of 2737338065?
5, 7, 11, 7109969
List the prime factors of 3800207518.
2, 19, 100005461
What are the prime factors of 2348238793?
2348238793
What are the prime factors of 2359704181?
2359704181
What are the prime factors of 59336519?
11, 5394229
List the prime factors of 165193190.
2, 5, 67, 246557
What are the prime factors of 14400852?
2, 3, 23, 52177
What are the prime factors of 551683854?
2, 3, 113, 271231
What are the prime factors of 45143460?
2, 3, 5, 41, 2039
List the prime factors of 757372737.
3, 11, 19, 73, 16547
What are the prime factors of 164944097?
103, 1601399
List the prime factors of 728632378.
2, 97, 3755837
What are the prime factors of 3460822478?
2, 227, 367, 20771
What are the prime factors of 90069001?
11, 61, 269, 499
What are the prime factors of 7008517268?
2, 457, 1151, 3331
List the prime factors of 16380185.
5, 19, 172423
List the prime factors of 699863213.
7, 409, 244451
List the prime factors of 32777032.
2, 83, 49363
List the prime factors of 738828995.
5, 7193, 20543
What are the prime factors of 3447485600?
2, 5, 13, 331489
List the prime factors of 103849372.
2, 11, 787, 2999
List the prime factors of 15365382.
2, 3, 17, 97, 1553
List the prime factors of 221291057.
13, 17, 58901
What are the prime factors of 1743343591?
11, 17, 9322693
List the prime factors of 49283917.
23, 557, 3847
What are the prime factors of 8263251033?
3, 37, 74443703
List the prime factors of 908153634.
2, 3, 17, 239, 37253
List the prime factors of 4706982340.
2, 5, 31, 7591907
What are the prime factors of 70533208?
2, 8816651
What are the prime factors of 270472003?
5581, 48463
What are the prime factors of 196684339?
17, 23, 41, 12269
List the prime factors of 287584949.
439, 449, 1459
List the prime factors of 89491946.
2, 4129, 10837
What are the prime factors of 9402212701?
7, 41, 71, 461413
List the prime factors of 411423243.
3, 7, 11, 1781053
List the prime factors of 471066686.
2, 235533343
What are the prime factors of 154490875?
5, 7, 11, 2293
What are the prime factors of 1057144573?
6469, 163417
What are the prime factors of 16349147?
16349147
What are the prime factors of 672914659?
19, 53, 211, 3167
What are the prime factors of 58453832?
2, 7306729
List the prime factors of 12455606.
2, 37, 281, 599
List the prime factors of 33944478.
2, 3, 17, 67, 4967
List the prime factors of 618946895.
5, 7, 17684197
List the prime factors of 34680675.
3, 5, 462409
What are the prime factors of 168231901?
4049, 41549
What are the prime factors of 632856340?
2, 5, 251, 126067
List the prime factors of 423369260.
2, 5, 29, 729947
List the prime factors of 1703382176.
2, 157, 339049
What are the prime factors of 707106051?
3, 3067, 8539
List the prime factors of 59533099.
17, 19, 149, 1237
What are the prime factors of 138915391?
138915391
List the prime factors of 231282928.
2, 67, 79, 2731
What are the prime factors of 402098398?
2, 13, 29, 41, 13007
List the prime factors of 148762588.
2, 13, 220063
List the prime factors of 44676980.
2, 5, 19, 117571
What are the prime factors of 875984522?
2, 7, 61, 151, 6793
What are the prime factors of 721110471?
3, 17, 14139421
What are the prime factors of 680916626?
2, 13, 26189101
List the prime factors of 881678448.
2, 3, 7, 874681
What are the prime factors of 2098663083?
3, 11, 23, 3643
What are the prime factors of 6977370079?
6977370079
List the prime factors of 1257214154.
2, 7, 19, 4726369
List the prime factors of 58582369.
58582369
List the prime factors of 167146809.
3, 317, 175759
What are the prime factors of 702850793?
19, 107, 227, 1523
List the prime factors of 940311353.
940311353
List the prime factors of 80078775.
3, 5, 7, 152531
What are the prime factors of 118389436?